he hundred thousands digit of 622291?
6
What is the hundreds digit of 7998999?
9
What is the thousands digit of 458586?
8
What is the millions digit of 1439544?
1
What is the tens digit of 264749?
4
What is the hundreds digit of 438943?
9
What is the ten thousands digit of 1598610?
9
What is the ten thousands digit of 1603904?
0
What is the millions digit of 17640944?
7
What is the hundred thousands digit of 6790021?
7
What is the thousands digit of 6937147?
7
What is the ten thousands digit of 131000?
3
What is the hundred thousands digit of 12266021?
2
What is the ten thousands digit of 990842?
9
What is the units digit of 2129780?
0
What is the hundreds digit of 151010?
0
What is the hundred thousands digit of 859028?
8
What is the millions digit of 8854546?
8
What is the thousands digit of 76424?
6
What is the thousands digit of 273527?
3
What is the thousands digit of 4585026?
5
What is the hundreds digit of 621480?
4
What is the ten thousands digit of 3345540?
4
What is the ten thousands digit of 2450200?
5
What is the hundreds digit of 560876?
8
What is the hundreds digit of 249440?
4
What is the thousands digit of 9333656?
3
What is the thousands digit of 491344?
1
What is the thousands digit of 211557?
1
What is the units digit of 192572?
2
What is the hundred thousands digit of 288965?
2
What is the units digit of 1306832?
2
What is the thousands digit of 17266386?
6
What is the thousands digit of 726583?
6
What is the thousands digit of 5496?
5
What is the tens digit of 4866660?
6
What is the thousands digit of 103552?
3
What is the hundred thousands digit of 550914?
5
What is the thousands digit of 45180?
5
What is the units digit of 18064?
4
What is the hundreds digit of 2405830?
8
What is the tens digit of 655730?
3
What is the hundreds digit of 372112?
1
What is the tens digit of 2400568?
6
What is the hundred thousands digit of 10990842?
9
What is the hundred thousands digit of 1527230?
5
What is the thousands digit of 166256?
6
What is the hundred thousands digit of 3638753?
6
What is the hundreds digit of 507727?
7
What is the tens digit of 31217435?
3
What is the units digit of 541244?
4
What is the thousands digit of 1628701?
8
What is the ten thousands digit of 190509?
9
What is the ten thousands digit of 858000?
5
What is the hundreds digit of 29301357?
3
What is the units digit of 125229?
9
What is the millions digit of 34427092?
4
What is the tens digit of 85267?
6
What is the units digit of 17771465?
5
What is the hundred thousands digit of 151437?
1
What is the hundred thousands digit of 38846109?
8
What is the tens digit of 1889125?
2
What is the tens digit of 7543294?
9
What is the hundreds digit of 817896?
8
What is the hundred thousands digit of 11221933?
2
What is the thousands digit of 158339?
8
What is the tens digit of 82769?
6
What is the ten thousands digit of 8507360?
0
What is the thousands digit of 146150?
6
What is the ten thousands digit of 563209?
6
What is the ten thousands digit of 860421?
6
What is the thousands digit of 25779527?
9
What is the tens digit of 2004061?
6
What is the units digit of 265693?
3
What is the tens digit of 19795117?
1
What is the hundred thousands digit of 429202?
4
What is the units digit of 647799?
9
What is the millions digit of 10628182?
0
What is the units digit of 20860671?
1
What is the thousands digit of 916864?
6
What is the millions digit of 4138564?
4
What is the units digit of 989058?
8
What is the ten thousands digit of 11538428?
3
What is the units digit of 2544?
4
What is the thousands digit of 154777?
4
What is the thousands digit of 1914313?
4
What is the tens digit of 129408?
0
What is the ten thousands digit of 746659?
4
What is the thousands digit of 850320?
0
What is the hundred thousands digit of 261297?
2
What is the units digit of 33304?
4
What is the units digit of 798072?
2
What is the thousands digit of 540828?
0
What is the thousands digit of 442234?
2
What is the tens digit of 7181884?
8
What is the hundreds digit of 25374321?
3
What is the tens digit of 5398995?
9
What is the hundred thousands digit of 3996937?
9
What is the tens digit of 470481?
8
What is the tens digit of 528931?
3
What is the tens digit of 5829579?
7
What is the ten thousands digit of 475081?
7
What is the thousands digit of 304106?
4
What is the hundred thousands digit of 4234992?
2
What is the millions digit of 13779745?
3
What is the hundreds digit of 10708155?
1
What is the tens digit of 1507174?
7
What is the ten thousands digit of 2201131?
0
What is the units digit of 1923134?
4
What is the hundred thousands digit of 8728175?
7
What is the hundreds digit of 350981?
9
What is the ten thousands digit of 218418?
1
What is the hundreds digit of 3195030?
0
What is the tens digit of 52118?
1
What is the ten millions digit of 23391919?
2
What is the units digit of 158211?
1
What is the hundreds digit of 4575390?
3
What is the tens digit of 2661434?
3
What is the ten millions digit of 17877363?
1
What is the ten millions digit of 18100774?
1
What is the ten millions digit of 15489379?
1
What is the ten thousands digit of 221545?
2
What is the hundreds digit of 4633952?
9
What is the ten thousands digit of 1397054?
9
What is the thousands digit of 1764277?
4
What is the thousands digit of 324772?
4
What is the thousands digit of 326483?
6
What is the tens digit of 86559?
5
What is the hundreds digit of 25679?
6
What is the ten thousands digit of 12732540?
3
What is the millions digit of 1317510?
1
What is the ten thousands digit of 65609?
6
What is the hundreds digit of 304886?
8
What is the hundreds digit of 4628975?
9
What is the ten thousands digit of 639056?
3
What is the hundreds digit of 35115275?
2
What is the tens digit of 4626037?
3
What is the units digit of 1922986?
6
What is the tens digit of 742369?
6
What is the tens digit of 1425353?
5
What is the hundred thousands digit of 855330?
8
What is the millions digit of 1966554?
1
What is the ten thousands digit of 21293432?
9
What is the hundreds digit of 16291208?
2
What is the millions digit of 44781668?
4
What is the thousands digit of 6310433?
0
What is the hundreds digit of 10472370?
3
What is the hundred thousands digit of 4321325?
3
What is the millions digit of 1362598?
1
What is the units digit of 48345?
5
What is the units digit of 43269?
9
What is the units digit of 346239?
9
What is the units digit of 6464483?
3
What is the hundreds digit of 1388362?
3
What is the millions digit of 4557054?
4
What is the millions digit of 1310921?
1
What is the thousands digit of 312534?
2
What is the hundreds digit of 366718?
7
What is the thousands digit of 15881592?
1
What is the ten thousands digit of 7599860?
9
What is the thousands digit of 516844?
6
What is the hundreds digit of 40718660?
6
What is the ten thousands digit of 15046636?
4
What is the units digit of 9755118?
8
What is the units digit of 11385121?
1
What is the hundreds digit of 16264986?
9
What is the hundred thousands digit of 209630?
2
What is the ten thousands digit of 4892623?
9
What is the ten thousands digit of 280222?
8
What is the units digit of 2773052?
2
What is the hundred thousands digit of 314627?
3
What is the tens digit of 1203626?
2
What is the millions digit of 9699107?
9
What is the units digit of 8569957?
7
What is the hundreds digit of 1499327?
3
What is the ten thousands digit of 149881?
4
What is the units digit of 1150986?
6
What is the hundred thousands digit of 2630067?
6
What is the hundreds digit of 165903?
9
What is the units digit of 788651?
1
What is the ten thousands digit of 93892?
9
What is the tens digit of 1296828?
2
What is the ten thousands digit of 48195?
4
What is the millions digit of 8853261?
8
What is the ten thousands digit of 18526509?
2
What is the thousands digit of 662434?
2
What is the hundred thousands digit of 5213281?
2
What is the hundreds digit of 1056450?
4
What is the thousands digit of 6293446?
3
What is the thousands digit of 1876849?
6
What is the units digit of 213080?
0
What is the units digit of 1778453?
3
What is the tens digit of 3453730?
3
What is the millions digit of 4019207?
4
What is the tens digit of 1171693?
9
What is the units digit of 539865?
5
What is the ten thousands digit of